isor of v and 8?
8
Suppose 2*j + 0*j = 10. Calculate the highest common divisor of j and 5.
5
Let x = 23 + -20. Suppose -194 = -5*u + 146. Let n be u*(45/12)/x. What is the highest common factor of 17 and n?
17
Let y(p) = p**2 + 4*p - 8. Let w be y(-6). Suppose -w*a + 5 + 15 = 0. Calculate the highest common divisor of 45 and a.
5
Let s be (-53)/(-3) - (-1)/3. Let c = 9 + -7. Suppose -c*u = -0*u - s. What is the highest common divisor of u and 9?
9
Suppose 0 = -3*n - 3, 5*n = -5*y - 0*n + 130. Calculate the greatest common divisor of 135 and y.
27
Let u(d) = -d**3 - 3*d**2 - d - 2. Let i be u(-3). Let z be -3 - (-5)/i - -62. Calculate the greatest common factor of 16 and z.
16
Let z(s) = -7*s**2 + 0*s + 0*s**3 + 0*s - s**3 + 3*s. Let c be z(-9). What is the highest common factor of 15 and c?
15
Let r(w) = 37*w - 16. Let f be r(4). Calculate the greatest common divisor of f and 12.
12
Let y = -3 - -16. Let z(r) = -r**3 - 5*r**2 + 11*r. Let m be z(-8). Calculate the greatest common divisor of m and y.
13
Suppose -52 = -c + 4*q + 17, -2*c - 4*q = -102. Suppose -4*o + 6*a = 5*a - 149, 2*a = -4*o + 158. Calculate the greatest common divisor of c and o.
19
Suppose 2*g - 1 + 11 = -4*w, 3*w + 8 = -2*g. Let i be (-28)/(-6) + w/3. Let r = i + 3. What is the greatest common divisor of r and 77?
7
Suppose z = 9 + 21. What is the highest common divisor of 24 and z?
6
Let a(p) = 5*p**2 - 4*p - 1. Let j be a(3). Let f = j - 22. What is the greatest common factor of 2 and f?
2
Let j(o) = -o**3 + 9*o**2 + 4. Let q be j(9). Suppose 2*y - 88 = 2*w, -w = 4*y + q*w - 131. Calculate the greatest common factor of 13 and y.
13
Suppose 2*p + 684 = 104. Let o = -155 - p. Calculate the highest common divisor of o and 15.
15
Let r = 53 - 26. Suppose -3*p - 15 + 42 = 0. Calculate the greatest common factor of p and r.
9
Let m = 27 + 3. Suppose 5*z - 9 = 2*z. What is the greatest common factor of z and m?
3
Let p(l) = -11*l**3 + l**2 - 1. Let n be p(-1). What is the highest common divisor of 22 and n?
11
Let z be (-14)/(-6) - 3/9. Let h = 5 + z. What is the greatest common factor of h and 56?
7
Suppose -3*v - 1 = -4. Suppose 3*i - 28 = j, 5*j + 8 = -2*i + 4. What is the greatest common factor of i and v?
1
Suppose -k = -4*z + 524, 3*z + 0*z - 5*k - 376 = 0. Calculate the greatest common factor of z and 12.
12
Suppose 22 + 36 = 2*f. Calculate the highest common divisor of f and 232.
29
Suppose -d = -2*d + 10. Suppose 2*w = -4 + d. What is the highest common factor of 33 and w?
3
Let f(r) = r**3 + 8*r**2 - 6*r + 9. Let a be f(-8). Suppose 2*x + x = 3*u + a, -2*u - 8 = 0. What is the greatest common factor of x and 105?
15
Let f(t) = 4*t**2 + 28*t - 14. Let n be f(-8). What is the highest common factor of 2 and n?
2
Let o = 10 - -1. What is the greatest common factor of o and 44?
11
Suppose -b + 2 + 10 = 0. What is the highest common factor of 15 and b?
3
Let q be -1 + -1 + 5 + -1. Suppose -3*k + 8*k - 10 = 0, 2*y = -q*k + 2. Let i be 18/2 + y + 3. What is the greatest common divisor of i and 11?
11
Let j = 3 - 2. Let n = 11 - 6. What is the highest common divisor of j and n?
1
Suppose -h - 6 = -2*h + 2*i, -2*h + 12 = 3*i. What is the highest common divisor of h and 12?
6
Let a be 20/12 - (-2)/(-3). Suppose -n + h = -5, 4*h = n - 0*h - 8. Suppose 0*r - r + n = 0. What is the highest common divisor of r and a?
1
Let r = 34 + 2. Calculate the highest common factor of r and 9.
9
Let k be (270/(-24))/(-2 + 14/8). Let x = -3 + 21. Calculate the highest common factor of k and x.
9
Let g be (-1 - 0)/(3/(-54)). Let n(o) = o - 9. Let k be n(6). Let q = k + g. Calculate the greatest common factor of 45 and q.
15
Suppose 279 = 13*n - 12*n. What is the highest common divisor of 31 and n?
31
Let g be -1 + 111 + -2 + 1. Let x = g + -43. Suppose -24 = -2*i - 2*i. What is the greatest common factor of i and x?
6
Let j(t) = t**2 + 6*t - 9. Let g be j(-8). Let m be ((-1)/3)/(1/(-21)). What is the highest common factor of g and m?
7
Let c(j) = j**2 - 11*j + 7. Let f be c(12). Suppose -3*i + 4*p = -647, 2*p + 642 = 3*i - p. What is the highest common divisor of i and f?
19
Let h(l) = 12*l**2 - 1. Let x be h(1). Let f = -3 + x. Let j(w) = -w**3 + 8*w**2 + 9*w - 6. Let o be j(f). Calculate the greatest common factor of o and 11.
11
Suppose -67 - 43 = -2*k. Suppose 0*w - k = -w. Calculate the highest common factor of w and 5.
5
Let j be 0 + 1 + (8 - 3). Let c be (16/j)/(6/36). What is the greatest common divisor of 32 and c?
16
Let s(u) = -u**2 - 22*u + 3. Let z be s(-19). Calculate the highest common divisor of 2 and z.
2
Suppose -4*l = -13 - 19. Suppose 0 = -4*m + 56 - l. What is the greatest common factor of m and 4?
4
Let q(g) be the second derivative of 11*g**4/6 - g**3/6 + g**2/2 - g. Let v be q(1). What is the highest common factor of 2 and v?
2
Let b(i) = i**3 - 5*i**2 - 2*i - 6. Let a be b(5). Let m(n) = n**2 + 15*n + 20. Let l be m(a). Calculate the greatest common factor of 6 and l.
6
Let k(i) = 7*i - 9. Let a be k(3). What is the highest common divisor of 84 and a?
12
Let y be (-20)/(-3)*(-6)/(-4). Let r = y + -4. Calculate the greatest common factor of r and 2.
2
Suppose 0 = -5*k - 6*q + 2*q + 61, 28 = 4*k - 2*q. Calculate the highest common factor of 72 and k.
9
Let x be 1/6 + (-63)/54. Let m be ((-2)/3)/(x/99). What is the highest common factor of m and 6?
6
Suppose -m - 65 = -6*m. Let k = m + -5. Calculate the greatest common factor of 24 and k.
8
Suppose -q = 5*v - 2*v - 31, -3*q + 43 = 4*v. Suppose 12*w = v*w + 18. What is the highest common factor of 9 and w?
9
Let a = -58 + 133. Let n = 35 - 5. Calculate the greatest common divisor of n and a.
15
Let j = 35 + -31. What is the greatest common factor of 28 and j?
4
Let u be 42/(-7)*6/(-4). Calculate the highest common factor of u and 21.
3
Suppose 5*k = 5*m - 240, 5*k - 72 = -2*m + k. Suppose -3 = -x - 23. Let c = m + x. Calculate the greatest common factor of 36 and c.
12
Suppose 60 = 4*b - 2*l, b - l = 4*l + 15. Calculate the highest common factor of b and 150.
15
Suppose -2 = -2*p + 30. Suppose -2*h - j + 284 = -0*h, -2*h + 2*j + 296 = 0. Calculate the greatest common divisor of p and h.
16
Let v = -90 - -110. What is the highest common divisor of v and 180?
20
Suppose 11*t = 7*t + 60. What is the greatest common divisor of t and 30?
15
Let d = 6 - 4. Suppose -3*u + 2*l + 92 = 0, 0 = u - 0*l + d*l - 20. What is the highest common divisor of u and 7?
7
Suppose -5*j = -3*r + 236, -4 = j + 3*j. Calculate the highest common divisor of r and 7.
7
Let r(x) = 6 + 2*x + 0 + 2*x. Let y be r(-6). Let o = 31 + y. Calculate the highest common divisor of o and 52.
13
Let v(b) = b**2 + 4*b - 14. Let y be v(10). What is the greatest common factor of 14 and y?
14
Suppose -a + 2 + 1 = 0. Let c = a - -2. Suppose 0 = -c*w + 4*f + 25, 0*f + 5 = -f. Calculate the greatest common factor of w and 9.
1
Let q = -115 + 178. Calculate the greatest common divisor of q and 7.
7
Let n be ((-7)/14)/(1/(-6)). Let b(z) = 28*z**3 + 1 - n*z + z - 15*z**3. Let d be b(1). What is the greatest common factor of 132 and d?
12
Let u = 17 - 12. Let a(c) = 11*c**2 - c - 2. Let f(q) = q - 4. Let b be f(6). Let m be a(b). Calculate the greatest common factor of m and u.
5
Let q(o) = -o**2 + 9*o - 9. Suppose 36*m + 7 = 37*m. Let j be q(m). Calculate the greatest common divisor of 40 and j.
5
Let x(c) = 4*c - 3. Let p be x(2). Let r(z) = -z**3 + 4*z**2 - 2*z + 2. Let f be r(p). Let i = -17 - f. What is the greatest common divisor of 64 and i?
16
Let r(h) = -h + 5. Let v(s) = -s**2 - s + 2. Let x be v(-2). Let c be r(x). What is the highest common divisor of c and 55?
5
Suppose 2*q + 3*q = 25. Suppose q*a = -4*v + 52, 68 = 4*v - 2*a + 3*a. What is the greatest common divisor of v and 12?
6
Let n = 2 - 0. Suppose -s + 5*s - 124 = 2*i, n*s - 3*i - 62 = 0. Calculate the greatest common factor of s and 279.
31
Let u(w) = w - 4. Let a be u(8). Suppose 0 = y + 2, c - 6*c - 418 = a*y. Let n = c - -170. What is the greatest common divisor of n and 11?
11
Suppose -4*l + 44 = g, -5*g + g + 26 = l. What is the highest common factor of l and 20?
10
Let r(w) = 33*w. Let g be r(1). Suppose 0 = 3*z - 2*d + d - 65, -5*z + 4*d = -106. Calculate the greatest common divisor of g and z.
11